))?
5
Let q be 68/(-20) - (-4)/10. Let t be (-9)/(-6)*(q - -5). Suppose -6*k + 7*k + t*x = -7, 5*k = 3*x + 37. What is the units digit of k?
5
Suppose q - 4*q = -63. Suppose -2*g - 3*a + 5*a = 116, 5*g + 4*a = -254. Let k = q - g. What is the units digit of k?
5
Let q = 1094 - 997. What is the units digit of q?
7
Let b = -54 - -436. What is the hundreds digit of b?
3
Suppose 7*d - 447 = 4*d. What is the hundreds digit of d?
1
Let l be ((-144)/20)/((-4)/10). Let m = 55 - l. What is the tens digit of m?
3
Let n be (-1069)/17 + (-87)/17 + 5. Let i = 103 + n. What is the tens digit of i?
4
Let a be 1 + -1 - (-4)/(-4). Let d be (-3 - a)*63/(-6). What is the units digit of (1 + 2)*d/9?
7
Suppose -9 = 3*a + 3, 2*a = -5*x + 92. Suppose 4*t + x = 236. What is the tens digit of t?
5
Let y be 1 + -2 - 1*-16. Let u = y + -60. What is the units digit of (36/u)/(2/(-75))?
0
Let m = -10 - -10. Let b be m + -2 + 4 + -2. Suppose r = -b*r + 48. What is the tens digit of r?
4
Suppose a = -5*p - 15, -9 = 3*p - 0*p. Let f be (-3 + 4 + a)*-60. Let z = 101 + f. What is the units digit of z?
1
Let v be 1098/(-8) - 24/32. Let y = -83 - v. Suppose 2*q = i - 6, i = -4*i + 5*q + y. What is the units digit of i?
6
Let o(q) be the third derivative of 5*q**4/24 - q**3/2 + 16*q**2. What is the tens digit of o(13)?
6
Let s(i) = 26*i**2 - 40*i + 44. What is the hundreds digit of s(11)?
7
Let w = 246 - -167. Suppose 113 = -4*t + w. What is the tens digit of t?
7
Let h = -71 + 44. What is the units digit of -3*(-3)/h*-21?
7
Let l be 10*14/105*81/2. Let w = -15 + l. What is the tens digit of w?
3
Suppose g + p = -4*g + 1445, -2*g - 4*p + 596 = 0. Suppose -5*u + g = u. What is the units digit of u?
8
Let h be ((-5)/(-15))/((-1)/(-12)). Let r(f) = -5*f + 3. Let b be r(-3). Suppose 6*k - b = h*k. What is the units digit of k?
9
Suppose 4*h + 1065 = 9*h. Suppose 2*v + 2*o - 127 = 3*o, 3*v = -3*o + h. What is the units digit of v?
6
Let d = -1007 + 1669. What is the units digit of d?
2
What is the hundreds digit of (-17)/4*4480/(-35)?
5
Let m(d) = -d**3 - 30*d**2 - 43*d + 37. What is the tens digit of m(-29)?
4
Let g be 46/5 - 39/195. Suppose -p + 52 = -4*f - 0*p, 3*f = 2*p - 44. What is the units digit of f/g*12/(-8)?
2
Suppose n - 5*n = -52. Suppose -n + 1 = -12*a. What is the units digit of a?
1
What is the units digit of 2/1*270/5?
8
Let b(s) = -25*s. Let z(u) = u**2 - 7*u + 9. Let l be z(6). Suppose f = l*h + 2, -2*f + 5*h = -4*f - 7. What is the tens digit of b(f)?
2
Let l(k) be the first derivative of 2*k**3/3 - 5*k**2 + 6*k - 1. Suppose 5*y = 2*h + 39, 0 = 10*y - 9*y + 2*h - 3. What is the tens digit of l(y)?
3
Let n(a) = -a**3 + 22*a**2 + 41*a - 19. What is the tens digit of n(23)?
9
Let y(o) = -o**3 - 15*o**2 - 5*o + 39. What is the units digit of y(-15)?
4
Let m(h) be the third derivative of h**2 + 0*h - 1/120*h**6 - 2/3*h**3 + 1/6*h**5 + 1/2*h**4 + 0. What is the units digit of m(11)?
7
Let y(f) = -24*f**3 - 8*f**2 + 4*f - 5. Let b be y(-5). Suppose 0 = 4*z - b - 4305. What is the tens digit of ((-2)/6)/((-10)/z)?
5
Let o(d) = -d**2 + 10*d - 16. Let h be o(8). Suppose -4*w + 4*t + 256 = h, 0 = 3*w - 4*w - 3*t + 44. What is the units digit of w?
9
Suppose -2134 = -h - 10*h. What is the tens digit of h?
9
Suppose 726 + 527 = 4*y + 5*p, -y + 4*p = -329. Suppose h - 45 = 4*t, 3*t - y = -6*h + h. What is the units digit of h?
1
Let v(l) = -l + 7. Let x be v(9). Let q(w) = 93*w + 3. Let a be q(x). What is the tens digit of a/(-12) - 2/8?
1
Suppose -5*p + p = -28. Let v be p/(((-8)/6)/4). Let f = -12 - v. What is the units digit of f?
9
Let r = 4445 + -1395. What is the units digit of r?
0
Suppose -14*k = -2*k + 6792. Let m = -227 - k. What is the tens digit of m?
3
Suppose 0 = -a + 5*y - 2 - 4, 3*a - 4 = 4*y. Let t(p) = p**3 - 5*p**2 - 3*p + 5. Let b be t(a). Let m = -1 - b. What is the units digit of m?
2
Let k(s) = 11*s - 3. Let w(u) = 10*u - 2. Suppose -18 = -2*j - j. Let l(r) = j*k(r) - 7*w(r). What is the tens digit of l(-6)?
2
Let s be ((-8)/(-10))/(1/(-40)). Let k = s + 22. Let h = k + 18. What is the units digit of h?
8
Let y be 4 + (-2*3)/(16/24). What is the hundreds digit of ((-6)/8)/(y/960)?
1
Let d = -49 - -295. Suppose -5*y - 3*c + 238 = 0, -3*c - d = -5*y - 4*c. What is the tens digit of y?
5
Let g = -601 - -857. What is the units digit of g?
6
Suppose 8*r = -0*r - 16. What is the tens digit of 45 + 6 + (2/(-2) - r)?
5
Suppose 8308 = 4*u + 5*o, -10385 = -5*u - 5*o + 3*o. What is the units digit of u?
7
Suppose -2*h + 8*h + 84 = 0. Let c = -13 + 53. Let i = c + h. What is the tens digit of i?
2
Let g(n) = n**3 - 4*n - 10. Let q be g(5). Suppose -q = -3*m + 208. What is the hundreds digit of m?
1
Let d = -94 + 52. Let u = d - -107. What is the tens digit of u?
6
What is the hundreds digit of (-2)/(-4) - (-1378)/4*1?
3
Let w(m) = 101*m**3 + 7*m**2 - 14*m + 2. What is the units digit of w(2)?
0
Suppose -5*r + 5*c = -2300 - 6140, -5*c - 3391 = -2*r. What is the tens digit of r?
8
What is the tens digit of ((-28)/21)/((-18)/23031)?
0
Suppose 2*r - 3 - 3 = 0. Let b(f) = -3 - f**3 + 1 + r. What is the tens digit of b(-3)?
2
Let c = -635 - -640. What is the units digit of c?
5
Let a(k) = k**3 + k**2 - 3*k + 3. Let o be a(-3). Let s be 44/o - 2/(-6). Let i = 8 + s. What is the units digit of i?
1
Suppose -6*f = -f - 80. Suppose -z = -4*p + 12, 4*z + 5*p - 20 = f. Suppose 5*q - 5 = -0*q + 5*w, -z*q + 2*w + 10 = 0. What is the units digit of q?
4
Let i(n) = 507*n - 785. What is the thousands digit of i(11)?
4
Let h = 17 - -75. What is the tens digit of h?
9
Let a(z) = 501*z**3 + 6*z**2 - 6*z - 12. What is the units digit of a(2)?
8
Let a = 1210 - 808. What is the hundreds digit of a?
4
Let b(h) = 10*h**2 - 2*h + 12. What is the tens digit of b(4)?
6
What is the hundreds digit of -5 - (0 - -16)/(40/(-460))?
1
Let x = 6 - 2. Suppose 5*f - 24 = -x. Suppose -f*b + 165 = b. What is the units digit of b?
3
Suppose -4*k + 8 = q, -2*k - 3*k + 5 = 0. Let b be (5 - 6) + (q - 1). Suppose -5*a = 2*j - 85, 0 = 4*a + b*j - j - 68. What is the units digit of a?
7
Let f(j) = 6*j + 14. Let x = -34 + 42. What is the units digit of f(x)?
2
Let g(y) = 14*y**2 + 8*y - 7. Let s = -13 + 16. What is the units digit of g(s)?
3
Let f(y) = y**3 + 15*y**2 + 13*y - 15. Let v be -3 + 22/(8/(-4)). Let o be f(v). What is the tens digit of (17 - 0/2) + o?
1
Suppose 20 = 5*b - 20. Suppose -188 = b*r - 10*r. What is the tens digit of r?
9
Let x(t) = -5*t - 12. Let h be x(-3). Suppose -4*c - 144 = -4*s, h*s - 57 = -2*c + 61. What is the units digit of s?
8
Suppose -13 = x + 4*w, 3*x + 0*w = -5*w - 11. Suppose -5 = 5*v + 5*d, d = -5*v - 3*d - x. What is the units digit of v?
1
Suppose 0 = a + 15 - 8. Let y(x) = -x**3 - 4*x**2 - 4*x. Let h be y(-3). What is the tens digit of (-513)/(-21) + h/a?
2
Suppose -3*r = 3*t - 1314 + 150, 782 = 2*t + 5*r. What is the tens digit of t?
8
Let s(n) = 2*n**3 + 3*n**2 - 2*n - 4. Let x be s(-3). Suppose 0 = -5*t - q + 339, 11*t - 8*t - 2*q = 193. Let y = t + x. What is the tens digit of y?
4
Suppose 0 = -2*x + 6, 3*u - 2*x + 4 - 1 = 0. Suppose i + p - 11 = 0, -4*i + 3*p - u = -10. What is the units digit of ((-4)/i)/((-2)/225)?
5
Suppose 5*h - 2*f = -66, 2*f - 51 = 4*h + 1. What is the units digit of h/21 - 10/(-6)?
1
Suppose -3*i + 674 = 2*r + 206, 2*r = -2*i + 314. What is the units digit of i?
4
Suppose -5*u + 2951 = -k, 2*u - 355 = -4*k - 12269. What is the hundreds digit of k/(-8)*(-3)/(-9)?
1
Let m = -1143 + 1676. What is the hundreds digit of m?
5
Suppose -j + 0*f - 5*f = -255, 4*f = 4. What is the units digit of j?
0
Suppose -f + 2*r = -1492, r = 3*f - r - 4472. What is the hundreds digit of f?
4
Let v = -666 + 786. What is the units digit of v?
0
Suppose -t = -104 + 40. Let b be (11 + -8)*t/(-3). Let p = b - -127. What is the units digit of p?
3
Let q(j) = 3*j**3 - j**2 - 3*j - 3. Let y be q(-2). Let l = 6 - y. What is the tens digit of l?
3
Let i = -1157 + 1625. Suppose -i = -8*p + 44. What is the tens digit of p?
6
Let f = -19 + 14. Let l(v) = v**3 + 6*v**2 + 2*v + 5. What is the units digit of l(f)?
0
Let x(j) = 2898*j**2 + 6*j + 3. What is the units digit of x(-1)?
5
Let z = -128 - -241. What is the tens digit of z?
1
What is the units digit of 23764/8 - (-75)/(